st derivative of -g**4/4 + 4*g**3/3 + 2*g**2 - 4*g - 1. Determine h(t).
-9
Let r(j) be the first derivative of 0*j - 5/6*j**3 - 1/60*j**5 + 1/24*j**4 - 1 + j**2. Let k(l) be the second derivative of r(l). Determine k(0).
-5
Suppose -4*c = -2*c. Let d(t) = -6 - 2 - 1 - t. Give d(c).
-9
Let u be 188/12 - (-10)/(-15). Let m be 18/u*30/9. Let o(s) = -6*s + 6*s**2 + 1 + 0*s - 4*s**2. Give o(m).
9
Let b(w) = -w - 1 - 1 + 1 - 1. What is b(0)?
-2
Let v(y) = -y**2 + y + 5. Let h(u) = -2*u**2 + u + 9. Let s(p) = -p**3 - 10*p**2 - 5. Let o be s(-10). Let c(n) = o*v(n) + 3*h(n). Determine c(-3).
-1
Let k be 2/(-6)*45/15. Let y(a) = -4*a**3 - a**2 - a. Calculate y(k).
4
Let u = 2 + 1. Let o = -8 + u. Let j(t) = t**3 + 5*t**2 + t - 1. Give j(o).
-6
Let h(o) be the first derivative of -3*o**2/2 - o + 34. Suppose -3*b + 2 = 2*c, 2*c + 4 = -b + 6. Suppose -d + 3*d + 4*g = 0, b = d + g - 1. Give h(d).
-7
Let t = 2 + 1. Let z(w) = 2*w - 4. Let y be z(t). Let h(o) be the first derivative of -o**2 + o + 1. Determine h(y).
-3
Suppose -4*c = -8*c + 12. Let j(g) = c*g**2 - g**3 - 15 - g**2 + 15. Give j(3).
-9
Let r(g) = -g + g**2 + 6*g**2 - 2 + 0*g - 6*g**2. Give r(0).
-2
Let o(n) be the third derivative of 0*n + n**3 + 1/24*n**4 + 0 - 5*n**2. Suppose 5*f - k + 25 = 2*k, 0 = 5*f - k + 25. Give o(f).
1
Let x = 16 + -11. Let z(g) be the first derivative of -7*g + 1/2*g**2 + 2. Determine z(x).
-2
Let u(s) = -11*s**3 + 26*s**2 - 7*s - 6. Let r(w) = 4*w**3 - 9*w**2 + 2*w + 2. Let k(t) = 8*r(t) + 3*u(t). Give k(5).
-2
Let k be (-44)/(-66) - (-17)/(-3). Let d(l) be the second derivative of l**4/12 + l**3 + 3*l**2 + 2*l. Give d(k).
1
Let u(c) be the third derivative of -c**4/24 + 14*c**2. Determine u(1).
-1
Suppose 5*s - 4 - 6 = 0. Suppose 0 = -f + s - 5. Let h(j) = j**3 + 3*j**2 + 2*j + 4. Let b be h(f). Let t(l) = -2*l**2 + l - 1. What is t(b)?
-11
Let y(i) be the second derivative of i**5/20 - i**4/6 - i**3/6 + i**2 - i. Suppose -2*g - 12 = g. Let k be (4/6)/(g/(-12)). Give y(k).
0
Let f(y) = y + 14. Let q = -25 - -20. Let n = -5 - q. Determine f(n).
14
Let g(h) = 7*h**3 + 11*h**2 + 7*h + 8. Let l(c) = -3*c**3 - 5*c**2 - 3*c - 4. Let a(d) = 2*g(d) + 5*l(d). Determine a(-3).
-1
Let c(y) = -7*y**2 + 1. Suppose 5*n - 1 = -4*x + 3, -5*x - 12 = 2*n. Suppose 5*b = n*r - 1, 0 = 3*b - 4*r + 3 + 4. Let j = b - 4. What is c(j)?
-6
Let s be (-4)/(-3)*54/4. Suppose -4*u + 2*t = -s, 2 = -3*t - 1. Suppose 0*b = -b + u. Let d(z) = -z + 2. Give d(b).
-2
Let d(r) = -r**2 - r + 1. Let w(c) = -1 + 8 - c**2 - 7*c + 0. Let o be w(-8). Calculate d(o).
1
Let t be -2*((-4)/6 - 70/(-60)). Let n(i) = 8*i**3 - i. Give n(t).
-7
Let g(d) = 2*d + 4. Suppose -1 = 3*p + 8. Calculate g(p).
-2
Let k(n) = 3*n**3 + n - 2*n**2 - 2*n**3 + 0 + 0. Let g be k(1). Let l(u) = 3*u**3 - u - 3. Let o(s) = -7*s**3 + 2*s + 5. Let m(p) = 9*l(p) + 4*o(p). Give m(g).
-7
Let l(b) = -6*b**2 - b. Let c be (105/84)/(1/4). Let u(s) = 3*s - 1. Let g be u(2). Suppose 0 = -2*z - c*q - 12, -4*z - 4*q = 7 + g. Determine l(z).
-5
Let p(d) be the third derivative of d**6/120 - d**5/12 + d**4/8 - d**3/6 + 6*d**2. Let g(j) = -j**2 + 12*j - 15. Let m be g(10). What is p(m)?
14
Suppose -2*d + 5*a = 14, 2*d = a - 2*a - 2. Let c be 0 - (-3)/(d - -1). Let y = -4 - c. Let s(z) = 8*z**3 - 2*z**2 - z. Calculate s(y).
-9
Let v(t) be the second derivative of t**3/3 - 9*t**2/2 + 20*t. Let c(a) = -2*a - 6. Let y be c(-6). Calculate v(y).
3
Let q(s) = 6*s**3 - 5*s**3 - 162*s**2 + 169*s**2 + 4*s. Suppose 0 = -2*d - 2*d - 24. Give q(d).
12
Let b(j) = -j + 1. Let u be b(0). Let p be (0 - (-1 - 0))*u. Let h(x) be the first derivative of -5*x**2/2 - x + 2. What is h(p)?
-6
Let o(c) be the third derivative of c**5/60 - c**4/24 + c**3/6 - 3*c**2. Let b be o(2). Suppose -b*h = -3 + 9. Let u(f) = f**3 + f**2 + 2*f. Give u(h).
-8
Let n(v) = -6 + 11 + v - 7 - 2. What is n(5)?
1
Let l be ((-7)/(-70))/((-6)/(-5)). Let i(j) be the third derivative of -l*j**4 + 0*j + 0 + 1/2*j**3 - j**2. What is i(5)?
-7
Let w(o) = -o**3 - 4*o**2 - 2*o - 4. Let x be w(-4). Suppose x*d = 2*d + 2. Let k(b) = 4*b - b - 4*b + 4*b. What is k(d)?
3
Suppose 0 = v + 3, 3*n - 2*n + 2 = v. Let u(j) = 4*j**2 + 2*j + 5. Let o(c) = -5*c**2 - c - 6. Let p(w) = -3*o(w) - 4*u(w). Determine p(n).
-2
Suppose 2*p - 3 = 1. Let q(s) = 3*s**2 - 3*s**p + 3*s**2 + s + 2*s**2. Give q(-1).
4
Let z(a) = -3*a + 3. Suppose -2*i - j = -5*j + 4, -i = -3*j + 4. Determine z(i).
-3
Let i(a) = a**3 - a**2 + a - 1. Let q(x) = -x**3 + 10*x**2 - 11*x + 13. Let r(g) = 2*i(g) + q(g). What is r(-9)?
11
Suppose -v = 3*v. Let d(m) = m**3 + m**2 + 11. Calculate d(v).
11
Suppose -7 = -3*o + 8. Let z(n) = -n**2 + 9*n + 4. Let t(w) = 2*w**2 - 19*w - 9. Let v(s) = 4*t(s) + 9*z(s). What is v(o)?
0
Let u(c) be the second derivative of c**3/3 - c**2/2 - 2*c. What is u(-2)?
-5
Let i(j) = 0*j**3 + 3 - 5*j**2 - 3*j - 5*j**3 + 4*j**3 + 0*j**3. Suppose 0 = w - 2*b - 1, 5*w + 2*b = 3*b - 13. Determine i(w).
-6
Suppose -5*a = 5*m - 65, -3*m + 24 = m - 3*a. Let z = m + -10. Let s(l) = 4*l**2 - l. What is s(z)?
5
Suppose 1 = o - 0*o. Let v(t) = 0 + 1 - 2*t + t. What is v(o)?
0
Let x(f) = -f**3 - 5*f**2 + 5*f - 8. Let c be (-4)/18 + 1794/54. Suppose -3*a + 3*i - c = 0, -4*i + 2*i = -10. Give x(a).
-2
Let h(c) be the second derivative of -c**5/5 + c**4/6 + c**3/6 + 3*c. Let k be (0 - 3)*5/3. Let t(g) = -g - 6. Let l be t(k). Give h(l).
5
Let l be (-3 + 6)/(2/6). Suppose x + 2*x = -l. Let n(i) = i - 3. What is n(x)?
-6
Let z(l) = -6*l + 1. Let v(q) = -q**3 - 12*q**2 - q - 13. Let i be v(-12). Calculate z(i).
7
Let b = -12 + 10. Let o(h) = -3*h**2 - 6*h + 2. Let u(t) = -2*t**2 - 5*t + 1. Let x(n) = -3*o(n) + 4*u(n). What is x(b)?
6
Let o = -11 + 16. Let i(a) = -a + 1. Give i(o).
-4
Suppose 0*y - 4*y = -4*d + 8, -4*y - 2*d + 4 = 0. Let j(w) = 2*w - w + 0*w**2 - w**2 - 7. What is j(y)?
-7
Let k be (2 + 0 - 5)*-1. Suppose -3*m - t = -7 - 6, -44 = -4*m + 4*t. Let b = m - k. Let q(w) = 4*w - 3. Determine q(b).
9
Let g(r) = r**3 - 4*r**2 - 2*r - 1. Let v(h) = -2*h**3 + 4*h**2 + 3*h + 2. Let a(u) = -3*g(u) - 2*v(u). What is a(-2)?
7
Let h(x) = x + 5. Let d(m) = 5*m + 1. Let r be d(1). Let n = r + -2. Suppose -l = n + 2. What is h(l)?
-1
Suppose 3 = -4*f - o, 4*f - 2 + 25 = 3*o. Let j(x) = -x**3 + 2*x + 3. Determine j(f).
7
Let o(p) = 7*p**3 + 8*p**2 - 5*p + 7. Let w(d) = 6*d**3 + 7*d**2 - 4*d + 6. Let u(n) = 5*o(n) - 6*w(n). Let m = 8 - 3. Let s = 3 - m. Give u(s).
1
Let f(k) = 4*k**2 - 2*k + 3. Let p(g) = -g**2 - g + 1. Suppose -3*w = -5*h + 4, 5*w + 14 = -h + 2*h. Let u(q) = h*f(q) + 3*p(q). Determine u(-1).
-6
Suppose 2*f = 4*x - 10, -5*x + 0*f + 5*f = -15. Suppose -x*c + 7 = -7. Suppose -5*v - 2*s - c = 0, 2 = v - 2*v - s. Let j(z) = -3*z**3 - 2*z - 1. What is j(v)?
4
Let v(g) = g**3 + 7*g**2 + 6*g - 3. Let b = -24 + 18. What is v(b)?
-3
Let y(u) be the third derivative of u**8/20160 - u**7/5040 + u**6/90 - u**5/60 + 4*u**2. Let s(t) be the third derivative of y(t). What is s(0)?
8
Suppose d + s = -3, -2*s - 5 = -1. Let h(w) = w**2 - 16 + 17 - 8*w**3 - 2*w**2. Give h(d).
8
Let y be (-4)/6*63/42. Let j(l) = 29*l - 1. What is j(y)?
-30
Let j(n) = -2. Let y(a) = a. Let x(l) = -j(l) - 2*y(l). Calculate x(-2).
6
Let j = -1 + 6. Suppose j*k - 15 = 5*l, 9 = -0*k + k - 4*l. Let p(r) = -3*r**2 - 1. What is p(k)?
-4
Let s = 5 + -2. Let r = s + -3. Let z(g) = 1 + 3*g + r - 3*g**2 + 2*g**2. Give z(5).
-9
Let w(a) = -a - 1. Let d(v) = -v**3 + 3*v**2 + 2*v - 1. Let f(j) = -d(j) - w(j). Determine f(3).
-1
Let c(g) = -2*g + 1. Let f(d) = d**2 - 10*d + 4. Let t be f(10). Suppose 4*m + 14 + 10 = 4*n, -m - 15 = -t*n. Give c(m).
7
Let v(y) be the third derivative of -1/24*y**4 + 0 + 0*y**3 + 7/60*y**5 - 4*y**2 + 0*y. Determine v(-1).
8
Let y(z) = 19*z + 16. Let v(n) = -6*n - 5. Let i(g) = 7*v(g) + 2*y(g). Calculate i(-3).
9
Let t(o) be the second derivative of -o**4/24 + o**3 - 3*o**2 + o. Let i(h) be the first derivative of t(h). Calculate i(4).
2
Let j(c) = c + 6. Let g be j(0). Let m(l) be the second derivative of 4/3*l**3 + 2*l - 7/2*l**2 - 1/20*l**5 + 5/12*l**4 + 0. What is m(g)?
5
Let h(o) be the third derivative of o**6/120 - o**5/15 - 5*o**4/24 - 5*o**3/6 - 3*o**2. Calculate h(5).
-5
Suppose -3*a + 25 = -8*a. Let r(h) = h + 4. Calculate r(a).
-1
Let j(